{"id":52318,"date":"2026-03-18T21:16:37","date_gmt":"2026-03-18T20:16:37","guid":{"rendered":"https:\/\/www.bell-lloc.org\/esdeveniments\/casals-destiu-summer-art-infantil-i-estiu-bell-lloc-primaria-i-eso\/"},"modified":"2026-03-18T21:46:28","modified_gmt":"2026-03-18T20:46:28","slug":"casals-estiu-2026","status":"publish","type":"esdeveniments","link":"https:\/\/www.bell-lloc.org\/es\/eventos\/casals-estiu-2026\/","title":{"rendered":"Casals d&#8217;estiu 2026: Summer Art i Estiu Bell-lloc"},"content":{"rendered":"<p>Un a\u00f1o m\u00e1s, disfrutaremos de dos campamentos de verano para vuestros hijos e hijas. Las fechas ser\u00e1n del 22 de junio al 24 de julio.<\/p>\n<p>Este verano, en Bell-lloc ofrecemos dos propuestas pensadas para edades e intereses diferentes, con un objetivo com\u00fan: que los alumnos disfruten, aprendan y crezcan en un entorno educativo y de confianza.<\/p>\n<p><span style=\"text-decoration: underline;\"><strong>SUMMER ART (infantil)<\/strong><\/span><\/p>\n<p>Una propuesta creativa pensada para los m\u00e1s peque\u00f1os, donde la expresi\u00f3n art\u00edstica, el juego y el descubrimiento son los protagonistas.<\/p>\n<p>*<a href=\"https:\/\/www.bell-lloc.org\/wp-content\/uploads\/2026\/03\/SUMMER-ART-2026.pdf\" target=\"_blank\" rel=\"noopener\">Encontrar\u00e9is aqu\u00ed el cartel con toda la informaci\u00f3n<\/a>.<\/p>\n<p><a href=\"https:\/\/www.bell-lloc.org\/wp-content\/uploads\/2026\/03\/SUMMER-ART-2026.pdf\" target=\"_blank\" rel=\"noopener\"><img loading=\"lazy\" decoding=\"async\" class=\"alignnone wp-image-52317 size-medium\" src=\"https:\/\/www.bell-lloc.org\/wp-content\/uploads\/2026\/03\/SUMMER-ART-2026-CARTELL-211x300.png\" alt=\"\" width=\"211\" height=\"300\" srcset=\"https:\/\/www.bell-lloc.org\/wp-content\/uploads\/2026\/03\/SUMMER-ART-2026-CARTELL-211x300.png 211w, https:\/\/www.bell-lloc.org\/wp-content\/uploads\/2026\/03\/SUMMER-ART-2026-CARTELL-56x80.png 56w, https:\/\/www.bell-lloc.org\/wp-content\/uploads\/2026\/03\/SUMMER-ART-2026-CARTELL.png 557w\" sizes=\"auto, (max-width: 211px) 100vw, 211px\" \/><\/a><\/p>\n<p>A continuaci\u00f3n encontrar\u00e9is los formularios de inscripci\u00f3n seg\u00fan la etapa:<\/p>\n<p><a style=\"background: #006E89; color: #fff; padding: 12px 22px; border-radius: 6px; text-decoration: none; display: inline-block; font-weight: 600;\" href=\"https:\/\/docs.google.com\/forms\/d\/e\/1FAIpQLSenIuHFXSGSk-w_c5jgZKMrwkYfQizo-RWEjH1JMs6MXbUU5A\/viewform?usp=publish-editor\" target=\"_blank\" rel=\"noopener\">Inscripci\u00f3n a Llar (I0 &#8211; I2)<\/a><\/p>\n<p><a style=\"background: #006E89; color: #fff; padding: 12px 22px; border-radius: 6px; text-decoration: none; display: inline-block; font-weight: 600;\" href=\"https:\/\/docs.google.com\/forms\/d\/e\/1FAIpQLSdz4-4XR-qJuZRWXqC7_rHLGiUoYC0zSoQlcKcRQefonDOCOQ\/viewform?usp=publish-editor\" target=\"_blank\" rel=\"noopener\">Inscripci\u00f3n a infantil (I3 &#8211; I5)<\/a><\/p>\n<p><span style=\"text-decoration: underline;\"><strong>ESTIU BELL-LLOC (de primaria hasta 2\u00ba de ESO)<\/strong><\/span><\/p>\n<p>Un verano lleno de actividad, amistad y experiencias en nuestro entorno natural, con la posibilidad de vivir los campamentos durante una semana. Viviremos:<\/p>\n<ul>\n<li style=\"list-style-type: none;\">\n<ul>\n<li style=\"list-style-type: none;\">\n<ul>\n<li>Campus de f\u00fatbol<\/li>\n<li>Casal de ocio con actividades muy divertidas<\/li>\n<li>Deportes, juegos de agua, excursiones, talleres&#8230; \u00a1y mucho m\u00e1s!<\/li>\n<\/ul>\n<\/li>\n<\/ul>\n<\/li>\n<\/ul>\n<p>El horario de primaria ser\u00e1 de 8:30 h a 17 h. El de ESO ser\u00e1 compactado de ma\u00f1ana y finalizar\u00e1 a las 13:30 h o 14:45 h seg\u00fan si el alumno come o no en el colegio.<\/p>\n<p><span style=\"text-decoration: underline;\">Precios Verano Bell-lloc<\/span>:<\/p>\n<ul>\n<li style=\"list-style-type: none;\">\n<ul>\n<li style=\"list-style-type: none;\">\n<ul>\n<li>1 semana: 205 \u20ac<\/li>\n<li>2 semanas: 410 \u20ac<\/li>\n<li>3 semanas: 575 \u20ac<\/li>\n<li>4 semanas: 730 \u20ac<\/li>\n<li>5 semanas: 820 \u20ac<\/li>\n<\/ul>\n<\/li>\n<\/ul>\n<\/li>\n<\/ul>\n<p><a style=\"background: #006E89; color: #fff; padding: 12px 22px; border-radius: 6px; text-decoration: none; display: inline-block; font-weight: 600;\" href=\"https:\/\/docs.google.com\/forms\/d\/e\/1FAIpQLSeTdfos5xzuJHoowdyHB9wSefnjtWCwUahW5lyjN2lxStSAWg\/viewform?usp=dialog\" target=\"_blank\" rel=\"noopener\">Formulario de inscripci\u00f3n al Estiu Bell-lloc<\/a><\/p>\n<p>\u00a1Les espera un verano muy divertido para hacer amigos, vivir aventuras y crecer como personas!<\/p>\n","protected":false},"featured_media":0,"template":"","categories_esdeveniments":[518,509,519],"class_list":["post-52318","esdeveniments","type-esdeveniments","status-publish","hentry","categories_esdeveniments-eso-es","categories_esdeveniments-infantil-es","categories_esdeveniments-primaria-es"],"acf":[],"yoast_head":"<!-- This site is optimized with the Yoast SEO plugin v28.4 - https:\/\/yoast.com\/product\/yoast-seo-wordpress\/ -->\n<title>Casals d&#039;estiu 2026: Summer Art i Estiu Bell-lloc - Bell-lloc<\/title>\n<meta name=\"robots\" content=\"index, follow, max-snippet:-1, max-image-preview:large, max-video-preview:-1\" \/>\n<link rel=\"canonical\" href=\"https:\/\/www.bell-lloc.org\/es\/eventos\/casals-estiu-2026\/\" \/>\n<meta property=\"og:locale\" content=\"es_ES\" \/>\n<meta property=\"og:type\" content=\"article\" \/>\n<meta property=\"og:title\" content=\"Casals d&#039;estiu 2026: Summer Art i Estiu Bell-lloc - Bell-lloc\" \/>\n<meta property=\"og:description\" content=\"Un a\u00f1o m\u00e1s, disfrutaremos de dos campamentos de verano para vuestros hijos e hijas. Las fechas ser\u00e1n del 22 de junio al 24 de julio. Este verano, en Bell-lloc ofrecemos dos propuestas pensadas para edades e intereses diferentes, con un objetivo com\u00fan: que los alumnos disfruten, aprendan y crezcan en un entorno educativo y de [&hellip;]\" \/>\n<meta property=\"og:url\" content=\"https:\/\/www.bell-lloc.org\/es\/eventos\/casals-estiu-2026\/\" \/>\n<meta property=\"og:site_name\" content=\"Bell-lloc\" \/>\n<meta property=\"article:modified_time\" content=\"2026-03-18T20:46:28+00:00\" \/>\n<meta property=\"og:image\" content=\"https:\/\/www.bell-lloc.org\/wp-content\/uploads\/2026\/03\/SUMMER-ART-2026-CARTELL-211x300.png\" \/>\n<meta name=\"twitter:card\" content=\"summary_large_image\" \/>\n<meta name=\"twitter:label1\" content=\"Tiempo de lectura\" \/>\n\t<meta name=\"twitter:data1\" content=\"2 minutos\" \/>\n<script type=\"application\/ld+json\" class=\"yoast-schema-graph\">{\"@context\":\"https:\\\/\\\/schema.org\",\"@graph\":[{\"@type\":\"WebPage\",\"@id\":\"https:\\\/\\\/www.bell-lloc.org\\\/es\\\/eventos\\\/casals-estiu-2026\\\/\",\"url\":\"https:\\\/\\\/www.bell-lloc.org\\\/es\\\/eventos\\\/casals-estiu-2026\\\/\",\"name\":\"Casals d'estiu 2026: Summer Art i Estiu Bell-lloc - Bell-lloc\",\"isPartOf\":{\"@id\":\"https:\\\/\\\/www.bell-lloc.org\\\/es\\\/#website\"},\"primaryImageOfPage\":{\"@id\":\"https:\\\/\\\/www.bell-lloc.org\\\/es\\\/eventos\\\/casals-estiu-2026\\\/#primaryimage\"},\"image\":{\"@id\":\"https:\\\/\\\/www.bell-lloc.org\\\/es\\\/eventos\\\/casals-estiu-2026\\\/#primaryimage\"},\"thumbnailUrl\":\"https:\\\/\\\/www.bell-lloc.org\\\/wp-content\\\/uploads\\\/2026\\\/03\\\/SUMMER-ART-2026-CARTELL-211x300.png\",\"datePublished\":\"2026-03-18T20:16:37+00:00\",\"dateModified\":\"2026-03-18T20:46:28+00:00\",\"breadcrumb\":{\"@id\":\"https:\\\/\\\/www.bell-lloc.org\\\/es\\\/eventos\\\/casals-estiu-2026\\\/#breadcrumb\"},\"inLanguage\":\"es\",\"potentialAction\":[{\"@type\":\"ReadAction\",\"target\":[\"https:\\\/\\\/www.bell-lloc.org\\\/es\\\/eventos\\\/casals-estiu-2026\\\/\"]}]},{\"@type\":\"ImageObject\",\"inLanguage\":\"es\",\"@id\":\"https:\\\/\\\/www.bell-lloc.org\\\/es\\\/eventos\\\/casals-estiu-2026\\\/#primaryimage\",\"url\":\"https:\\\/\\\/www.bell-lloc.org\\\/wp-content\\\/uploads\\\/2026\\\/03\\\/SUMMER-ART-2026-CARTELL-211x300.png\",\"contentUrl\":\"https:\\\/\\\/www.bell-lloc.org\\\/wp-content\\\/uploads\\\/2026\\\/03\\\/SUMMER-ART-2026-CARTELL-211x300.png\"},{\"@type\":\"BreadcrumbList\",\"@id\":\"https:\\\/\\\/www.bell-lloc.org\\\/es\\\/eventos\\\/casals-estiu-2026\\\/#breadcrumb\",\"itemListElement\":[{\"@type\":\"ListItem\",\"position\":1,\"name\":\"Inici\",\"item\":\"https:\\\/\\\/www.bell-lloc.org\\\/es\\\/\"},{\"@type\":\"ListItem\",\"position\":2,\"name\":\"Esdeveniments\",\"item\":\"https:\\\/\\\/www.bell-lloc.org\\\/es\\\/eventos\\\/\"},{\"@type\":\"ListItem\",\"position\":3,\"name\":\"Casals d&#8217;estiu 2026: Summer Art i Estiu Bell-lloc\"}]},{\"@type\":\"WebSite\",\"@id\":\"https:\\\/\\\/www.bell-lloc.org\\\/es\\\/#website\",\"url\":\"https:\\\/\\\/www.bell-lloc.org\\\/es\\\/\",\"name\":\"Bell-lloc\",\"description\":\"Col\u00b7legi Concertat a Girona\",\"potentialAction\":[{\"@type\":\"SearchAction\",\"target\":{\"@type\":\"EntryPoint\",\"urlTemplate\":\"https:\\\/\\\/www.bell-lloc.org\\\/es\\\/?s={search_term_string}\"},\"query-input\":{\"@type\":\"PropertyValueSpecification\",\"valueRequired\":true,\"valueName\":\"search_term_string\"}}],\"inLanguage\":\"es\"}]}<\/script>\n<!-- \/ Yoast SEO plugin. -->","yoast_head_json":{"title":"Casals d'estiu 2026: Summer Art i Estiu Bell-lloc - Bell-lloc","robots":{"index":"index","follow":"follow","max-snippet":"max-snippet:-1","max-image-preview":"max-image-preview:large","max-video-preview":"max-video-preview:-1"},"canonical":"https:\/\/www.bell-lloc.org\/es\/eventos\/casals-estiu-2026\/","og_locale":"es_ES","og_type":"article","og_title":"Casals d'estiu 2026: Summer Art i Estiu Bell-lloc - Bell-lloc","og_description":"Un a\u00f1o m\u00e1s, disfrutaremos de dos campamentos de verano para vuestros hijos e hijas. Las fechas ser\u00e1n del 22 de junio al 24 de julio. Este verano, en Bell-lloc ofrecemos dos propuestas pensadas para edades e intereses diferentes, con un objetivo com\u00fan: que los alumnos disfruten, aprendan y crezcan en un entorno educativo y de [&hellip;]","og_url":"https:\/\/www.bell-lloc.org\/es\/eventos\/casals-estiu-2026\/","og_site_name":"Bell-lloc","article_modified_time":"2026-03-18T20:46:28+00:00","og_image":[{"url":"https:\/\/www.bell-lloc.org\/wp-content\/uploads\/2026\/03\/SUMMER-ART-2026-CARTELL-211x300.png","type":"","width":"","height":""}],"twitter_card":"summary_large_image","twitter_misc":{"Tiempo de lectura":"2 minutos"},"schema":{"@context":"https:\/\/schema.org","@graph":[{"@type":"WebPage","@id":"https:\/\/www.bell-lloc.org\/es\/eventos\/casals-estiu-2026\/","url":"https:\/\/www.bell-lloc.org\/es\/eventos\/casals-estiu-2026\/","name":"Casals d'estiu 2026: Summer Art i Estiu Bell-lloc - Bell-lloc","isPartOf":{"@id":"https:\/\/www.bell-lloc.org\/es\/#website"},"primaryImageOfPage":{"@id":"https:\/\/www.bell-lloc.org\/es\/eventos\/casals-estiu-2026\/#primaryimage"},"image":{"@id":"https:\/\/www.bell-lloc.org\/es\/eventos\/casals-estiu-2026\/#primaryimage"},"thumbnailUrl":"https:\/\/www.bell-lloc.org\/wp-content\/uploads\/2026\/03\/SUMMER-ART-2026-CARTELL-211x300.png","datePublished":"2026-03-18T20:16:37+00:00","dateModified":"2026-03-18T20:46:28+00:00","breadcrumb":{"@id":"https:\/\/www.bell-lloc.org\/es\/eventos\/casals-estiu-2026\/#breadcrumb"},"inLanguage":"es","potentialAction":[{"@type":"ReadAction","target":["https:\/\/www.bell-lloc.org\/es\/eventos\/casals-estiu-2026\/"]}]},{"@type":"ImageObject","inLanguage":"es","@id":"https:\/\/www.bell-lloc.org\/es\/eventos\/casals-estiu-2026\/#primaryimage","url":"https:\/\/www.bell-lloc.org\/wp-content\/uploads\/2026\/03\/SUMMER-ART-2026-CARTELL-211x300.png","contentUrl":"https:\/\/www.bell-lloc.org\/wp-content\/uploads\/2026\/03\/SUMMER-ART-2026-CARTELL-211x300.png"},{"@type":"BreadcrumbList","@id":"https:\/\/www.bell-lloc.org\/es\/eventos\/casals-estiu-2026\/#breadcrumb","itemListElement":[{"@type":"ListItem","position":1,"name":"Inici","item":"https:\/\/www.bell-lloc.org\/es\/"},{"@type":"ListItem","position":2,"name":"Esdeveniments","item":"https:\/\/www.bell-lloc.org\/es\/eventos\/"},{"@type":"ListItem","position":3,"name":"Casals d&#8217;estiu 2026: Summer Art i Estiu Bell-lloc"}]},{"@type":"WebSite","@id":"https:\/\/www.bell-lloc.org\/es\/#website","url":"https:\/\/www.bell-lloc.org\/es\/","name":"Bell-lloc","description":"Col\u00b7legi Concertat a Girona","potentialAction":[{"@type":"SearchAction","target":{"@type":"EntryPoint","urlTemplate":"https:\/\/www.bell-lloc.org\/es\/?s={search_term_string}"},"query-input":{"@type":"PropertyValueSpecification","valueRequired":true,"valueName":"search_term_string"}}],"inLanguage":"es"}]}},"_links":{"self":[{"href":"https:\/\/www.bell-lloc.org\/es\/wp-json\/wp\/v2\/esdeveniments\/52318","targetHints":{"allow":["GET"]}}],"collection":[{"href":"https:\/\/www.bell-lloc.org\/es\/wp-json\/wp\/v2\/esdeveniments"}],"about":[{"href":"https:\/\/www.bell-lloc.org\/es\/wp-json\/wp\/v2\/types\/esdeveniments"}],"wp:attachment":[{"href":"https:\/\/www.bell-lloc.org\/es\/wp-json\/wp\/v2\/media?parent=52318"}],"wp:term":[{"taxonomy":"categories_esdeveniments","embeddable":true,"href":"https:\/\/www.bell-lloc.org\/es\/wp-json\/wp\/v2\/categories_esdeveniments?post=52318"}],"curies":[{"name":"wp","href":"https:\/\/api.w.org\/{rel}","templated":true}]}}

<p>Un año más, disfrutaremos de dos campamentos de verano para vuestros hijos e hijas. Las fechas serán del 22 de junio al 24 de julio.</p>
<p>Este verano, en Bell-lloc ofrecemos dos propuestas pensadas para edades e intereses diferentes, con un objetivo común: que los alumnos disfruten, aprendan y crezcan en un entorno educativo y de confianza.</p>
<p><span style="text-decoration: underline;"><strong>SUMMER ART (infantil)</strong></span></p>
<p>Una propuesta creativa pensada para los más pequeños, donde la expresión artística, el juego y el descubrimiento son los protagonistas.</p>
<p>*<a href="https://www.bell-lloc.org/wp-content/uploads/2026/03/SUMMER-ART-2026.pdf" target="_blank" rel="noopener">Encontraréis aquí el cartel con toda la información</a>.</p>
<p><a href="https://www.bell-lloc.org/wp-content/uploads/2026/03/SUMMER-ART-2026.pdf" target="_blank" rel="noopener"><img loading="lazy" decoding="async" class="alignnone wp-image-52317 size-medium" src="https://www.bell-lloc.org/wp-content/uploads/2026/03/SUMMER-ART-2026-CARTELL-211x300.png" alt="" width="211" height="300" srcset="https://www.bell-lloc.org/wp-content/uploads/2026/03/SUMMER-ART-2026-CARTELL-211x300.png 211w, https://www.bell-lloc.org/wp-content/uploads/2026/03/SUMMER-ART-2026-CARTELL-56x80.png 56w, https://www.bell-lloc.org/wp-content/uploads/2026/03/SUMMER-ART-2026-CARTELL.png 557w" sizes="auto, (max-width: 211px) 100vw, 211px" /></a></p>
<p>A continuación encontraréis los formularios de inscripción según la etapa:</p>
<p><a style="background: #006E89; color: #fff; padding: 12px 22px; border-radius: 6px; text-decoration: none; display: inline-block; font-weight: 600;" href="https://docs.google.com/forms/d/e/1FAIpQLSenIuHFXSGSk-w_c5jgZKMrwkYfQizo-RWEjH1JMs6MXbUU5A/viewform?usp=publish-editor" target="_blank" rel="noopener">Inscripción a Llar (I0 &#8211; I2)</a></p>
<p><a style="background: #006E89; color: #fff; padding: 12px 22px; border-radius: 6px; text-decoration: none; display: inline-block; font-weight: 600;" href="https://docs.google.com/forms/d/e/1FAIpQLSdz4-4XR-qJuZRWXqC7_rHLGiUoYC0zSoQlcKcRQefonDOCOQ/viewform?usp=publish-editor" target="_blank" rel="noopener">Inscripción a infantil (I3 &#8211; I5)</a></p>
<p><span style="text-decoration: underline;"><strong>ESTIU BELL-LLOC (de primaria hasta 2º de ESO)</strong></span></p>
<p>Un verano lleno de actividad, amistad y experiencias en nuestro entorno natural, con la posibilidad de vivir los campamentos durante una semana. Viviremos:</p>
<ul>
<li style="list-style-type: none;">
<ul>
<li style="list-style-type: none;">
<ul>
<li>Campus de fútbol</li>
<li>Casal de ocio con actividades muy divertidas</li>
<li>Deportes, juegos de agua, excursiones, talleres&#8230; ¡y mucho más!</li>
</ul>
</li>
</ul>
</li>
</ul>
<p>El horario de primaria será de 8:30 h a 17 h. El de ESO será compactado de mañana y finalizará a las 13:30 h o 14:45 h según si el alumno come o no en el colegio.</p>
<p><span style="text-decoration: underline;">Precios Verano Bell-lloc</span>:</p>
<ul>
<li style="list-style-type: none;">
<ul>
<li style="list-style-type: none;">
<ul>
<li>1 semana: 205 €</li>
<li>2 semanas: 410 €</li>
<li>3 semanas: 575 €</li>
<li>4 semanas: 730 €</li>
<li>5 semanas: 820 €</li>
</ul>
</li>
</ul>
</li>
</ul>
<p><a style="background: #006E89; color: #fff; padding: 12px 22px; border-radius: 6px; text-decoration: none; display: inline-block; font-weight: 600;" href="https://docs.google.com/forms/d/e/1FAIpQLSeTdfos5xzuJHoowdyHB9wSefnjtWCwUahW5lyjN2lxStSAWg/viewform?usp=dialog" target="_blank" rel="noopener">Formulario de inscripción al Estiu Bell-lloc</a></p>
<p>¡Les espera un verano muy divertido para hacer amigos, vivir aventuras y crecer como personas!</p>

<!-- This site is optimized with the Yoast SEO plugin v28.4 - https://yoast.com/product/yoast-seo-wordpress/ -->
<title>Casals d&#039;estiu 2026: Summer Art i Estiu Bell-lloc - Bell-lloc</title>
<meta name="robots" content="index, follow, max-snippet:-1, max-image-preview:large, max-video-preview:-1" />
<link rel="canonical" href="https://www.bell-lloc.org/es/eventos/casals-estiu-2026/" />
<meta property="og:locale" content="es_ES" />
<meta property="og:type" content="article" />
<meta property="og:title" content="Casals d&#039;estiu 2026: Summer Art i Estiu Bell-lloc - Bell-lloc" />
<meta property="og:description" content="Un año más, disfrutaremos de dos campamentos de verano para vuestros hijos e hijas. Las fechas serán del 22 de junio al 24 de julio. Este verano, en Bell-lloc ofrecemos dos propuestas pensadas para edades e intereses diferentes, con un objetivo común: que los alumnos disfruten, aprendan y crezcan en un entorno educativo y de [&hellip;]" />
<meta property="og:url" content="https://www.bell-lloc.org/es/eventos/casals-estiu-2026/" />
<meta property="og:site_name" content="Bell-lloc" />
<meta property="article:modified_time" content="2026-03-18T20:46:28+00:00" />
<meta property="og:image" content="https://www.bell-lloc.org/wp-content/uploads/2026/03/SUMMER-ART-2026-CARTELL-211x300.png" />
<meta name="twitter:card" content="summary_large_image" />
<meta name="twitter:label1" content="Tiempo de lectura" />
	<meta name="twitter:data1" content="2 minutos" />
<script type="application/ld+json" class="yoast-schema-graph">{"@context":"https:\/\/schema.org","@graph":[{"@type":"WebPage","@id":"https:\/\/www.bell-lloc.org\/es\/eventos\/casals-estiu-2026\/","url":"https:\/\/www.bell-lloc.org\/es\/eventos\/casals-estiu-2026\/","name":"Casals d'estiu 2026: Summer Art i Estiu Bell-lloc - Bell-lloc","isPartOf":{"@id":"https:\/\/www.bell-lloc.org\/es\/#website"},"primaryImageOfPage":{"@id":"https:\/\/www.bell-lloc.org\/es\/eventos\/casals-estiu-2026\/#primaryimage"},"image":{"@id":"https:\/\/www.bell-lloc.org\/es\/eventos\/casals-estiu-2026\/#primaryimage"},"thumbnailUrl":"https:\/\/www.bell-lloc.org\/wp-content\/uploads\/2026\/03\/SUMMER-ART-2026-CARTELL-211x300.png","datePublished":"2026-03-18T20:16:37+00:00","dateModified":"2026-03-18T20:46:28+00:00","breadcrumb":{"@id":"https:\/\/www.bell-lloc.org\/es\/eventos\/casals-estiu-2026\/#breadcrumb"},"inLanguage":"es","potentialAction":[{"@type":"ReadAction","target":["https:\/\/www.bell-lloc.org\/es\/eventos\/casals-estiu-2026\/"]}]},{"@type":"ImageObject","inLanguage":"es","@id":"https:\/\/www.bell-lloc.org\/es\/eventos\/casals-estiu-2026\/#primaryimage","url":"https:\/\/www.bell-lloc.org\/wp-content\/uploads\/2026\/03\/SUMMER-ART-2026-CARTELL-211x300.png","contentUrl":"https:\/\/www.bell-lloc.org\/wp-content\/uploads\/2026\/03\/SUMMER-ART-2026-CARTELL-211x300.png"},{"@type":"BreadcrumbList","@id":"https:\/\/www.bell-lloc.org\/es\/eventos\/casals-estiu-2026\/#breadcrumb","itemListElement":[{"@type":"ListItem","position":1,"name":"Inici","item":"https:\/\/www.bell-lloc.org\/es\/"},{"@type":"ListItem","position":2,"name":"Esdeveniments","item":"https:\/\/www.bell-lloc.org\/es\/eventos\/"},{"@type":"ListItem","position":3,"name":"Casals d&#8217;estiu 2026: Summer Art i Estiu Bell-lloc"}]},{"@type":"WebSite","@id":"https:\/\/www.bell-lloc.org\/es\/#website","url":"https:\/\/www.bell-lloc.org\/es\/","name":"Bell-lloc","description":"Col·legi Concertat a Girona","potentialAction":[{"@type":"SearchAction","target":{"@type":"EntryPoint","urlTemplate":"https:\/\/www.bell-lloc.org\/es\/?s={search_term_string}"},"query-input":{"@type":"PropertyValueSpecification","valueRequired":true,"valueName":"search_term_string"}}],"inLanguage":"es"}]}</script>
<!-- / Yoast SEO plugin. -->

Un año más, disfrutaremos de dos campamentos de verano para vuestros hijos e hijas. Las fechas serán del 22 de junio al 24 de julio. Este verano, en Bell-lloc ofrecemos dos propuestas pensadas para edades e intereses diferentes, con un objetivo común: que los alumnos disfruten, aprendan y crezcan en un entorno educativo y de [&hellip;]
