{"id":30273,"date":"2020-10-22T16:40:55","date_gmt":"2020-10-22T14:40:55","guid":{"rendered":"https:\/\/www.bell-lloc.org\/proyecto-educativo\/formacion-del-caracter-bcaracter\/orientacion-para-los-padres-1o-y-2o-de-primaria\/ordre\/"},"modified":"2022-09-07T15:32:36","modified_gmt":"2022-09-07T13:32:36","slug":"orden","status":"publish","type":"page","link":"https:\/\/www.bell-lloc.org\/es\/proyecto-educativo\/formacion-del-caracter-bcaracter\/orientacion-para-los-padres-1o-y-2o-de-primaria\/orden\/","title":{"rendered":"Orden"},"content":{"rendered":"","protected":false},"excerpt":{"rendered":"","protected":false},"author":4,"featured_media":0,"parent":15730,"menu_order":0,"comment_status":"closed","ping_status":"closed","template":"template-flexible.php","meta":{"_acf_changed":false,"_monsterinsights_skip_tracking":false,"footnotes":""},"class_list":["post-30273","page","type-page","status-publish","hentry"],"acf":[],"yoast_head":"<!-- This site is optimized with the Yoast SEO plugin v28.4 - https:\/\/yoast.com\/product\/yoast-seo-wordpress\/ -->\n<title>Orden - Bell-lloc<\/title>\n<meta name=\"description\" content=\"Orientacions per als pares de 1r i 2n de Prim\u00e0ria per a ajudar a assolir els objectius en la fortalesa de l&#039;ordre, compet\u00e8ncia del mes de setembre.\" \/>\n<meta name=\"robots\" content=\"index, follow, max-snippet:-1, max-image-preview:large, max-video-preview:-1\" \/>\n<link rel=\"canonical\" href=\"https:\/\/www.bell-lloc.org\/es\/proyecto-educativo\/formacion-del-caracter-bcaracter\/orientacion-para-los-padres-1o-y-2o-de-primaria\/orden\/\" \/>\n<meta property=\"og:locale\" content=\"es_ES\" \/>\n<meta property=\"og:type\" content=\"article\" \/>\n<meta property=\"og:title\" content=\"Orden - Bell-lloc\" \/>\n<meta property=\"og:description\" content=\"Orientacions per als pares de 1r i 2n de Prim\u00e0ria per a ajudar a assolir els objectius en la fortalesa de l&#039;ordre, compet\u00e8ncia del mes de setembre.\" \/>\n<meta property=\"og:url\" content=\"https:\/\/www.bell-lloc.org\/es\/proyecto-educativo\/formacion-del-caracter-bcaracter\/orientacion-para-los-padres-1o-y-2o-de-primaria\/orden\/\" \/>\n<meta property=\"og:site_name\" content=\"Bell-lloc\" \/>\n<meta property=\"article:modified_time\" content=\"2022-09-07T13:32:36+00:00\" \/>\n<meta name=\"twitter:card\" content=\"summary_large_image\" \/>\n<script type=\"application\/ld+json\" class=\"yoast-schema-graph\">{\"@context\":\"https:\\\/\\\/schema.org\",\"@graph\":[{\"@type\":\"WebPage\",\"@id\":\"https:\\\/\\\/www.bell-lloc.org\\\/es\\\/proyecto-educativo\\\/formacion-del-caracter-bcaracter\\\/orientacion-para-los-padres-1o-y-2o-de-primaria\\\/orden\\\/\",\"url\":\"https:\\\/\\\/www.bell-lloc.org\\\/es\\\/proyecto-educativo\\\/formacion-del-caracter-bcaracter\\\/orientacion-para-los-padres-1o-y-2o-de-primaria\\\/orden\\\/\",\"name\":\"Orden - Bell-lloc\",\"isPartOf\":{\"@id\":\"https:\\\/\\\/www.bell-lloc.org\\\/es\\\/#website\"},\"datePublished\":\"2020-10-22T14:40:55+00:00\",\"dateModified\":\"2022-09-07T13:32:36+00:00\",\"description\":\"Orientacions per als pares de 1r i 2n de Prim\u00e0ria per a ajudar a assolir els objectius en la fortalesa de l'ordre, compet\u00e8ncia del mes de setembre.\",\"breadcrumb\":{\"@id\":\"https:\\\/\\\/www.bell-lloc.org\\\/es\\\/proyecto-educativo\\\/formacion-del-caracter-bcaracter\\\/orientacion-para-los-padres-1o-y-2o-de-primaria\\\/orden\\\/#breadcrumb\"},\"inLanguage\":\"es\",\"potentialAction\":[{\"@type\":\"ReadAction\",\"target\":[\"https:\\\/\\\/www.bell-lloc.org\\\/es\\\/proyecto-educativo\\\/formacion-del-caracter-bcaracter\\\/orientacion-para-los-padres-1o-y-2o-de-primaria\\\/orden\\\/\"]}]},{\"@type\":\"BreadcrumbList\",\"@id\":\"https:\\\/\\\/www.bell-lloc.org\\\/es\\\/proyecto-educativo\\\/formacion-del-caracter-bcaracter\\\/orientacion-para-los-padres-1o-y-2o-de-primaria\\\/orden\\\/#breadcrumb\",\"itemListElement\":[{\"@type\":\"ListItem\",\"position\":1,\"name\":\"Inici\",\"item\":\"https:\\\/\\\/www.bell-lloc.org\\\/es\\\/\"},{\"@type\":\"ListItem\",\"position\":2,\"name\":\"Proyecto Educativo\",\"item\":\"https:\\\/\\\/www.bell-lloc.org\\\/es\\\/proyecto-educativo\\\/\"},{\"@type\":\"ListItem\",\"position\":3,\"name\":\"Formaci\u00f3n del car\u00e1cter &#8211; B!Car\u00e1cter\",\"item\":\"https:\\\/\\\/www.bell-lloc.org\\\/es\\\/proyecto-educativo\\\/formacion-del-caracter-bcaracter\\\/\"},{\"@type\":\"ListItem\",\"position\":4,\"name\":\"Orientaci\u00f3n para los padres &#8211; 1\u00ba y 2\u00ba de Primaria\",\"item\":\"https:\\\/\\\/www.bell-lloc.org\\\/es\\\/proyecto-educativo\\\/formacion-del-caracter-bcaracter\\\/orientacion-para-los-padres-1o-y-2o-de-primaria\\\/\"},{\"@type\":\"ListItem\",\"position\":5,\"name\":\"Orden\"}]},{\"@type\":\"WebSite\",\"@id\":\"https:\\\/\\\/www.bell-lloc.org\\\/es\\\/#website\",\"url\":\"https:\\\/\\\/www.bell-lloc.org\\\/es\\\/\",\"name\":\"Bell-lloc\",\"description\":\"Col\u00b7legi Concertat a Girona\",\"potentialAction\":[{\"@type\":\"SearchAction\",\"target\":{\"@type\":\"EntryPoint\",\"urlTemplate\":\"https:\\\/\\\/www.bell-lloc.org\\\/es\\\/?s={search_term_string}\"},\"query-input\":{\"@type\":\"PropertyValueSpecification\",\"valueRequired\":true,\"valueName\":\"search_term_string\"}}],\"inLanguage\":\"es\"}]}<\/script>\n<!-- \/ Yoast SEO plugin. -->","yoast_head_json":{"title":"Orden - Bell-lloc","description":"Orientacions per als pares de 1r i 2n de Prim\u00e0ria per a ajudar a assolir els objectius en la fortalesa de l'ordre, compet\u00e8ncia del mes de setembre.","robots":{"index":"index","follow":"follow","max-snippet":"max-snippet:-1","max-image-preview":"max-image-preview:large","max-video-preview":"max-video-preview:-1"},"canonical":"https:\/\/www.bell-lloc.org\/es\/proyecto-educativo\/formacion-del-caracter-bcaracter\/orientacion-para-los-padres-1o-y-2o-de-primaria\/orden\/","og_locale":"es_ES","og_type":"article","og_title":"Orden - Bell-lloc","og_description":"Orientacions per als pares de 1r i 2n de Prim\u00e0ria per a ajudar a assolir els objectius en la fortalesa de l'ordre, compet\u00e8ncia del mes de setembre.","og_url":"https:\/\/www.bell-lloc.org\/es\/proyecto-educativo\/formacion-del-caracter-bcaracter\/orientacion-para-los-padres-1o-y-2o-de-primaria\/orden\/","og_site_name":"Bell-lloc","article_modified_time":"2022-09-07T13:32:36+00:00","twitter_card":"summary_large_image","schema":{"@context":"https:\/\/schema.org","@graph":[{"@type":"WebPage","@id":"https:\/\/www.bell-lloc.org\/es\/proyecto-educativo\/formacion-del-caracter-bcaracter\/orientacion-para-los-padres-1o-y-2o-de-primaria\/orden\/","url":"https:\/\/www.bell-lloc.org\/es\/proyecto-educativo\/formacion-del-caracter-bcaracter\/orientacion-para-los-padres-1o-y-2o-de-primaria\/orden\/","name":"Orden - Bell-lloc","isPartOf":{"@id":"https:\/\/www.bell-lloc.org\/es\/#website"},"datePublished":"2020-10-22T14:40:55+00:00","dateModified":"2022-09-07T13:32:36+00:00","description":"Orientacions per als pares de 1r i 2n de Prim\u00e0ria per a ajudar a assolir els objectius en la fortalesa de l'ordre, compet\u00e8ncia del mes de setembre.","breadcrumb":{"@id":"https:\/\/www.bell-lloc.org\/es\/proyecto-educativo\/formacion-del-caracter-bcaracter\/orientacion-para-los-padres-1o-y-2o-de-primaria\/orden\/#breadcrumb"},"inLanguage":"es","potentialAction":[{"@type":"ReadAction","target":["https:\/\/www.bell-lloc.org\/es\/proyecto-educativo\/formacion-del-caracter-bcaracter\/orientacion-para-los-padres-1o-y-2o-de-primaria\/orden\/"]}]},{"@type":"BreadcrumbList","@id":"https:\/\/www.bell-lloc.org\/es\/proyecto-educativo\/formacion-del-caracter-bcaracter\/orientacion-para-los-padres-1o-y-2o-de-primaria\/orden\/#breadcrumb","itemListElement":[{"@type":"ListItem","position":1,"name":"Inici","item":"https:\/\/www.bell-lloc.org\/es\/"},{"@type":"ListItem","position":2,"name":"Proyecto Educativo","item":"https:\/\/www.bell-lloc.org\/es\/proyecto-educativo\/"},{"@type":"ListItem","position":3,"name":"Formaci\u00f3n del car\u00e1cter &#8211; B!Car\u00e1cter","item":"https:\/\/www.bell-lloc.org\/es\/proyecto-educativo\/formacion-del-caracter-bcaracter\/"},{"@type":"ListItem","position":4,"name":"Orientaci\u00f3n para los padres &#8211; 1\u00ba y 2\u00ba de Primaria","item":"https:\/\/www.bell-lloc.org\/es\/proyecto-educativo\/formacion-del-caracter-bcaracter\/orientacion-para-los-padres-1o-y-2o-de-primaria\/"},{"@type":"ListItem","position":5,"name":"Orden"}]},{"@type":"WebSite","@id":"https:\/\/www.bell-lloc.org\/es\/#website","url":"https:\/\/www.bell-lloc.org\/es\/","name":"Bell-lloc","description":"Col\u00b7legi Concertat a Girona","potentialAction":[{"@type":"SearchAction","target":{"@type":"EntryPoint","urlTemplate":"https:\/\/www.bell-lloc.org\/es\/?s={search_term_string}"},"query-input":{"@type":"PropertyValueSpecification","valueRequired":true,"valueName":"search_term_string"}}],"inLanguage":"es"}]}},"_links":{"self":[{"href":"https:\/\/www.bell-lloc.org\/es\/wp-json\/wp\/v2\/pages\/30273","targetHints":{"allow":["GET"]}}],"collection":[{"href":"https:\/\/www.bell-lloc.org\/es\/wp-json\/wp\/v2\/pages"}],"about":[{"href":"https:\/\/www.bell-lloc.org\/es\/wp-json\/wp\/v2\/types\/page"}],"author":[{"embeddable":true,"href":"https:\/\/www.bell-lloc.org\/es\/wp-json\/wp\/v2\/users\/4"}],"replies":[{"embeddable":true,"href":"https:\/\/www.bell-lloc.org\/es\/wp-json\/wp\/v2\/comments?post=30273"}],"version-history":[{"count":14,"href":"https:\/\/www.bell-lloc.org\/es\/wp-json\/wp\/v2\/pages\/30273\/revisions"}],"predecessor-version":[{"id":38759,"href":"https:\/\/www.bell-lloc.org\/es\/wp-json\/wp\/v2\/pages\/30273\/revisions\/38759"}],"up":[{"embeddable":true,"href":"https:\/\/www.bell-lloc.org\/es\/wp-json\/wp\/v2\/pages\/15730"}],"wp:attachment":[{"href":"https:\/\/www.bell-lloc.org\/es\/wp-json\/wp\/v2\/media?parent=30273"}],"curies":[{"name":"wp","href":"https:\/\/api.w.org\/{rel}","templated":true}]}}

<!-- This site is optimized with the Yoast SEO plugin v28.4 - https://yoast.com/product/yoast-seo-wordpress/ -->
<title>Orden - Bell-lloc</title>
<meta name="description" content="Orientacions per als pares de 1r i 2n de Primària per a ajudar a assolir els objectius en la fortalesa de l&#039;ordre, competència del mes de setembre." />
<meta name="robots" content="index, follow, max-snippet:-1, max-image-preview:large, max-video-preview:-1" />
<link rel="canonical" href="https://www.bell-lloc.org/es/proyecto-educativo/formacion-del-caracter-bcaracter/orientacion-para-los-padres-1o-y-2o-de-primaria/orden/" />
<meta property="og:locale" content="es_ES" />
<meta property="og:type" content="article" />
<meta property="og:title" content="Orden - Bell-lloc" />
<meta property="og:description" content="Orientacions per als pares de 1r i 2n de Primària per a ajudar a assolir els objectius en la fortalesa de l&#039;ordre, competència del mes de setembre." />
<meta property="og:url" content="https://www.bell-lloc.org/es/proyecto-educativo/formacion-del-caracter-bcaracter/orientacion-para-los-padres-1o-y-2o-de-primaria/orden/" />
<meta property="og:site_name" content="Bell-lloc" />
<meta property="article:modified_time" content="2022-09-07T13:32:36+00:00" />
<meta name="twitter:card" content="summary_large_image" />
<script type="application/ld+json" class="yoast-schema-graph">{"@context":"https:\/\/schema.org","@graph":[{"@type":"WebPage","@id":"https:\/\/www.bell-lloc.org\/es\/proyecto-educativo\/formacion-del-caracter-bcaracter\/orientacion-para-los-padres-1o-y-2o-de-primaria\/orden\/","url":"https:\/\/www.bell-lloc.org\/es\/proyecto-educativo\/formacion-del-caracter-bcaracter\/orientacion-para-los-padres-1o-y-2o-de-primaria\/orden\/","name":"Orden - Bell-lloc","isPartOf":{"@id":"https:\/\/www.bell-lloc.org\/es\/#website"},"datePublished":"2020-10-22T14:40:55+00:00","dateModified":"2022-09-07T13:32:36+00:00","description":"Orientacions per als pares de 1r i 2n de Primària per a ajudar a assolir els objectius en la fortalesa de l'ordre, competència del mes de setembre.","breadcrumb":{"@id":"https:\/\/www.bell-lloc.org\/es\/proyecto-educativo\/formacion-del-caracter-bcaracter\/orientacion-para-los-padres-1o-y-2o-de-primaria\/orden\/#breadcrumb"},"inLanguage":"es","potentialAction":[{"@type":"ReadAction","target":["https:\/\/www.bell-lloc.org\/es\/proyecto-educativo\/formacion-del-caracter-bcaracter\/orientacion-para-los-padres-1o-y-2o-de-primaria\/orden\/"]}]},{"@type":"BreadcrumbList","@id":"https:\/\/www.bell-lloc.org\/es\/proyecto-educativo\/formacion-del-caracter-bcaracter\/orientacion-para-los-padres-1o-y-2o-de-primaria\/orden\/#breadcrumb","itemListElement":[{"@type":"ListItem","position":1,"name":"Inici","item":"https:\/\/www.bell-lloc.org\/es\/"},{"@type":"ListItem","position":2,"name":"Proyecto Educativo","item":"https:\/\/www.bell-lloc.org\/es\/proyecto-educativo\/"},{"@type":"ListItem","position":3,"name":"Formación del carácter &#8211; B!Carácter","item":"https:\/\/www.bell-lloc.org\/es\/proyecto-educativo\/formacion-del-caracter-bcaracter\/"},{"@type":"ListItem","position":4,"name":"Orientación para los padres &#8211; 1º y 2º de Primaria","item":"https:\/\/www.bell-lloc.org\/es\/proyecto-educativo\/formacion-del-caracter-bcaracter\/orientacion-para-los-padres-1o-y-2o-de-primaria\/"},{"@type":"ListItem","position":5,"name":"Orden"}]},{"@type":"WebSite","@id":"https:\/\/www.bell-lloc.org\/es\/#website","url":"https:\/\/www.bell-lloc.org\/es\/","name":"Bell-lloc","description":"Col·legi Concertat a Girona","potentialAction":[{"@type":"SearchAction","target":{"@type":"EntryPoint","urlTemplate":"https:\/\/www.bell-lloc.org\/es\/?s={search_term_string}"},"query-input":{"@type":"PropertyValueSpecification","valueRequired":true,"valueName":"search_term_string"}}],"inLanguage":"es"}]}</script>
<!-- / Yoast SEO plugin. -->

Orientacions per als pares de 1r i 2n de Primària per a ajudar a assolir els objectius en la fortalesa de l'ordre, competència del mes de setembre.

Formación del carácter &#8211; B!Carácter

Orientación para los padres &#8211; 1º y 2º de Primaria
